or of c and o.
4
Let u = 205 - 178. Calculate the greatest common factor of u and 720.
9
Let z(k) = k**3 + 19*k**2 - 58*k - 268. Let u be z(-19). Calculate the greatest common factor of u and 36.
6
Suppose 4*a + 24 = 64. Suppose a*m - 7*m - 912 = 0. Let d = m - 176. Calculate the highest common divisor of d and 16.
16
Let f(d) be the first derivative of -5*d**2/2 - 25*d - 5. Let r be f(-11). What is the highest common divisor of r and 45?
15
Let w = -11495 - -15045. Calculate the highest common divisor of w and 284.
142
Suppose 0 = -4*u - 10*u + 4*u. Suppose u = 192*i - 202*i + 1040. What is the highest common divisor of 24 and i?
8
Suppose -5*o - 10*o = 0. Suppose o = -288*q + 287*q + 66. Suppose -5*w + 0*h + 2*h + 20 = 0, -4*h = -20. What is the highest common divisor of w and q?
6
Let y = -115 + 139. Suppose 15*c - y = 11*c. Calculate the greatest common factor of c and 66.
6
Let m = -146 - -143. Let r be m/18 - (1245/(-18) + -1). What is the highest common divisor of r and 28?
14
Suppose -3*l = 3*l - 12. Suppose q + d - 74 = 0, 0*q - 308 = -4*q + l*d. What is the highest common factor of 38 and q?
38
Suppose 5*m = 5*l - 10, l + 3*l + 2*m = 32. Suppose -2*o + 4*o + 12 = h, -60 = -5*h + 3*o. What is the greatest common divisor of h and l?
6
Let s = -10205 - -15069. What is the highest common divisor of 76 and s?
76
Suppose 2*x + 3*x + c - 1242 = 0, 0 = x + 2*c - 252. What is the greatest common factor of x and 288?
8
Let o be (-2646)/(9 + 0)*4/(-6). What is the highest common factor of o and 252?
28
Suppose j + n - 455 = -402, 2*j - n - 118 = 0. Suppose 0 = -2*s + 6. What is the greatest common divisor of s and j?
3
Suppose 95 + 55 + 478 = 4*g. Calculate the highest common divisor of 5 and g.
1
Let k(g) = -3 - 3 + 4*g + 9 - 5. Let q be k(7). Suppose -4*i + 112 = 3*p + 14, -140 = -5*i + 5*p. What is the highest common divisor of q and i?
26
Suppose 0*r + 18 = r. Suppose 0 = 4*s + 4*n - 157 + 1341, 5*n - 1139 = 4*s. Let z = -279 - s. Calculate the highest common divisor of z and r.
6
Let n = 7255 + -7036. What is the greatest common factor of 3723 and n?
219
Suppose 18*a - 30 = 23*a, -t - 5*a + 412 = 0. Calculate the greatest common factor of t and 34.
34
Suppose -2*j = 46*l - 49*l - 14, -12 = -4*j - 2*l. Suppose -4*p = j*h - 116, 5*h + 3*p = 2*p + 125. What is the greatest common divisor of 12 and h?
12
Suppose -55*n + 170468 = -80002. What is the highest common factor of 1449 and n?
207
Let k be (-3)/(3/760*-2). Let o = k + -356. Let i(m) = 2*m**3 - m**2 - 2*m - 3. Let q be i(3). What is the highest common divisor of o and q?
12
Let o = -37575 - -37588. Calculate the greatest common factor of o and 15899.
13
Let i be -8*-1*(-3)/(-4). Suppose 2*r + 1 = a, -3*a + 0 = r - 17. Suppose 8 + 5 = 4*g + y, -r*g + y = -11. Calculate the highest common divisor of g and i.
2
Let z be (6/(-45))/((-22)/(-110)*7/(-42)). Suppose 2*a - 6 = x, 3*x = 4*a - 11 + 1. Let s be (x - 1) + 1*5. Calculate the highest common divisor of z and s.
2
Let h be (7488/(-14))/(3/21). Let r be (h/(-30))/(15/50). What is the highest common factor of 52 and r?
52
Let m = 5944 - 5710. Calculate the greatest common divisor of 30 and m.
6
Let s = -1589 + 869. Let v = -53 - -51. Let q be (4/6)/(v/s). Calculate the greatest common factor of 96 and q.
48
Suppose 2 = -2*k - 8, 0 = -3*x + 3*k + 207. Let a be ((1 - 0) + 0 - 2)*-5. Suppose a*y - 192 = y. What is the greatest common divisor of x and y?
16
Let k(b) = b**3 - 17*b**2 - 104. Let n be k(19). What is the greatest common divisor of n and 48?
6
Suppose 2*m + 162 = 10*m + 10*m. Calculate the greatest common factor of m and 171.
9
Let i(q) = 32*q - 1081. Let h be i(34). Calculate the highest common factor of h and 1057.
7
Let s(f) = -3*f + 3. Let i be 8/(-10)*5*1. Let h be s(i). Suppose d + 9 = -5*t, -185*d - 33 = -190*d + t. Calculate the greatest common factor of h and d.
3
Let r(o) = -o**2 - 9*o - 2. Let c be r(-10). Let z be ((-496)/c)/(4/6). Let k = z + -36. Calculate the highest common divisor of 130 and k.
26
Suppose -2*q + 0*q = -30. Suppose 5*v - 12*w = -q*w + 475, 5*v - 3*w = 475. Calculate the highest common factor of v and 19.
19
Let d(t) = -t**3 + 3*t**2 + 11*t - 25. Let h be d(4). Suppose o - 5*o = h*u - 308, o = -2*u + 197. What is the highest common divisor of 64 and u?
32
Let w(o) = 2*o**3 + 13*o**2 + 10*o - 4*o**3 - 7*o**2 + o**3 - 4. Let x be w(6). What is the greatest common divisor of x and 4?
4
Let i = 16 + 312. Suppose 10*u = 286 - 126. What is the highest common divisor of u and i?
8
Let w = -70 + 79. Suppose -8*k + 3*k = 240. Let h = w - k. Calculate the highest common divisor of 114 and h.
57
Let j = -826 + 557. Let y = j + 274. Calculate the highest common divisor of y and 160.
5
Let n be (28/3)/(((-8)/30)/(18/(-15))). What is the greatest common factor of 259 and n?
7
Let j = -1003 + 1037. Suppose j - 944 = -35*y. Let k be 104/6*(-6)/(-4). What is the highest common divisor of y and k?
26
Let w be (0 - 3/2)/((-18)/2532). Suppose -2*r + r + 7 = -2*n, 4*r + 2*n - 18 = 0. Suppose -r*c + w = -139. What is the greatest common factor of 10 and c?
10
Let n(q) = -323*q - 16. Let s be n(-2). Suppose -49*j - 1170 = -75*j. Calculate the highest common factor of j and s.
45
Suppose -8*p = -4*p - 12. Let s = -6 + p. Let z(x) = x**3 + 5*x**2 + 3*x. Let g be z(s). Calculate the highest common divisor of g and 6.
3
Let l(t) = t**2 - 11*t + 15. Let j be l(11). Let s be -50*(j/2)/(-5). Let k = 5998 - 5983. Calculate the greatest common divisor of k and s.
15
Let i(c) = c**2 - 45*c - 18. Let y be i(20). Let v be ((-2)/4)/(7/y). Suppose -10*w = -307 + v. Calculate the greatest common divisor of w and 18.
9
Let g be (-3750)/(-8) - 27/45*25/(-12). What is the highest common factor of 50 and g?
10
Suppose 0 = 5*d + 25, 40*v - 37*v = 3*d + 78. What is the greatest common factor of v and 24423?
21
Suppose -12*m = -m - 48*m + 851. Calculate the greatest common factor of m and 23.
23
Let o(a) = 50*a - 450. Let j be o(10). Let c(w) = 3*w - 4. Let p be c(3). What is the greatest common divisor of p and j?
5
Let p = 59 + -485. Let i = 469 + p. Calculate the highest common divisor of i and 2107.
43
Suppose -t + 291 = 5*w - 961, -4*t + 4932 = w. Calculate the greatest common factor of 560 and t.
112
Suppose -10*u = -26 - 24. Suppose 16*l = -5*c + 15*l + 258, 0 = -4*c + u*l + 218. Calculate the greatest common divisor of 39 and c.
13
Let k(y) = -3*y**2 + 20*y - 13. Let t be k(2). Let p be ((-85)/(-2))/(1/6). What is the highest common factor of t and p?
15
Suppose 5*o - 14 = -4, 4*m + 4*o - 16 = 0. Let z be 32/(-6)*(-9)/4*m. Let f = z + -9. What is the highest common divisor of f and 15?
15
Suppose 32*b = 6919 + 99461 + 820. Calculate the highest common factor of 402 and b.
134
Let t = 11 + -5. Let s = -101 - -122. Suppose 0 = -11*k + 120 - s. Calculate the highest common divisor of k and t.
3
Let r = 1751 - 1563. What is the greatest common divisor of r and 12?
4
Let c be 25610/10 + (-12 - (-9)/9). What is the greatest common factor of 170 and c?
170
Let c(v) = 1080*v - 14028. Let h be c(13). Suppose -q + s + 13 = -0*q, 0 = q + s - 5. Let y = q - -39. Calculate the greatest common factor of h and y.
12
Let i be (-6)/(-4) + 3306/(-348) + (719 - -3). What is the highest common divisor of 612 and i?
102
Suppose 2160 = 18*y - 2592. What is the greatest common factor of y and 1914?
66
Suppose 525 = -2*u + 7*u. Let o be (9 - 224/21)*-45. Calculate the highest common factor of o and u.
15
Suppose 5*m = 36*a - 38*a + 458, 0 = -4*m - 3*a + 372. What is the greatest common divisor of m and 810?
90
Let p = -938 - -977. Calculate the highest common divisor of p and 52.
13
Let n be (236/2 - 0)*(-150 - -152). Let o = -121 + n. Let v be (2 - 48)/((-1)/1). Calculate the greatest common divisor of v and o.
23
Suppose 286631 - 286667 = -3*v. Suppose 5*d = 2*d + 108. What is the highest common factor of v and d?
12
Suppose w - 7*y = -2*y + 270, -w + 230 = 3*y. Calculate the highest common divisor of w and 65.
5
Let r = -424 - -431. Suppose 0 = r*n + 5*n - 1800. What is the highest common divisor of 200 and n?
50
Let i = 22 + 13. Suppose -i - 127 = -2*y. Let d = 3579 - 3525. Calculate the greatest common factor of y and d.
27
Let y be (((-510)/(-4))/(-